{"id":71,"date":"2026-01-13T21:53:52","date_gmt":"2026-01-13T14:53:52","guid":{"rendered":"https:\/\/nongan.site\/?page_id=71"},"modified":"2026-02-22T01:07:43","modified_gmt":"2026-02-21T18:07:43","slug":"gioi-thieu","status":"publish","type":"page","link":"https:\/\/nongan.site\/index.php\/gioi-thieu\/","title":{"rendered":"Gi\u1edbi thi\u1ec7u"},"content":{"rendered":"\n\t<section class=\"section\" id=\"section_1486179239\">\n\t\t<div class=\"section-bg fill\" >\n\t\t\t\t\t\t\t\t\t<div class=\"section-bg-overlay absolute fill\"><\/div>\n\t\t\t\n\n\t\t<\/div>\n\n\t\t\n\n\t\t<div class=\"section-content relative\">\n\t\t\t\n\t<div id=\"text-2397235063\" class=\"text\">\n\t\t\n<h2 class=\"uppercase\">Gi\u1edbi thi\u1ec7u:<\/h2>\n\t\t\n<style>\n#text-2397235063 {\n  color: #627D47;\n}\n#text-2397235063 > * {\n  color: #627D47;\n}\n<\/style>\n\t<\/div>\n\t\n<div class=\"row row-large align-middle\"  id=\"row-1649308370\">\n\n\t<div id=\"col-2132126231\" class=\"col medium-5 small-12 large-5\"  >\n\t\t\t\t<div class=\"col-inner text-left\"  >\n\t\t\t\n\t\t\t\n\t<div id=\"text-3337179982\" class=\"text\">\n\t\t\n<p>N\u00f4ng An l\u00e0 d\u1ef1 \u00e1n <strong>do nh\u00f3m sinh vi\u00ean n\u0103m nh\u1ea5t ng\u00e0nh Logistics v\u00e0 k\u0129 thu\u1eadt h\u1ec7 th\u1ed1ng c\u00f4ng nghi\u1ec7p tr\u01b0\u1eddng \u0110\u1ea1i h\u1ecdc B\u00e1ch Khoa &#8211; \u0110HQG HCM<\/strong> \u0111\u1ec1 x\u01b0\u1edbng v\u1edbi m\u1ee5c \u0111\u00edch <strong>x\u00e2y d\u1ef1ng m\u1ed9t s\u00e0n th\u01b0\u01a1ng m\u1ea1i \u0111i\u1ec7n t\u1eed<\/strong> d\u1ecbch v\u1ee5 chuy\u00ean bi\u1ec7t N\u00f4ng nghi\u1ec7p ph\u1ee5c v\u1ee5 cho <strong>b\u00e0 con N\u00f4ng d\u00e2n v\u00e0 c\u00e1c c\u1eeda h\u00e0ng nh\u1ecf l\u1ebb kinh doanh N\u00f4ng nghi\u1ec7p.<\/strong><\/p>\n<p><strong>D\u1ef1 \u00e1n ch\u1ec9 m\u1edbi d\u1eebng l\u1ea1i \u1edf \u00fd t\u01b0\u1edfng kh\u1edfi nghi\u1ec7p<\/strong> nh\u01b0ng may m\u1eafn thay N\u00f4ng An l\u1ea1i r\u1ea5t may khi \u0111\u01b0\u1ee3c s\u1ef1 t\u01b0 v\u1ea5n c\u1ee7a Gi\u1ea3ng vi\u00ean h\u01b0\u1edbng d\u1eabn <strong>c\u00f4 Tr\u1ea7n V\u00f5 Th\u1ea3o H\u01b0\u01a1ng v\u00e0 Ch\u00fa M\u01b0\u1eddi \u0111\u1ebfn t\u1eeb doanh nghi\u1ec7p Ph\u01b0\u01a1ng Trung Green<\/strong> chuy\u00ean cung c\u1ea5p c\u00e2y ph\u1ed1i s\u1eb5n, ph\u00e2n b\u00f3n,&#8230; V\u00ec N\u00f4ng An tin r\u1eb1ng \u0111\u00e2y ho\u00e0n to\u00e0n l\u00e0 m\u1ed9t d\u1ef1 \u00e1n t\u00ecm n\u0103ng c\u00f3 th\u1ec3 theo \u0111u\u1ed5i v\u00e0 ph\u00e1t tri\u1ec3n b\u1edfi t\u01b0 nh\u00e2n ho\u1eb7c nh\u00e0 n\u01b0\u1edbc.<\/p>\n\t\t\n<style>\n#text-3337179982 {\n  color: rgb(0,0,0);\n}\n#text-3337179982 > * {\n  color: rgb(0,0,0);\n}\n<\/style>\n\t<\/div>\n\t\n\t\t<\/div>\n\t\t\t\t\t<\/div>\n\n\t\n\n\t<div id=\"col-1342076342\" class=\"col medium-7 small-12 large-7\"  >\n\t\t\t\t<div class=\"col-inner\"  >\n\t\t\t\n\t\t\t\n\t<div class=\"box has-hover   has-hover box-text-bottom\" >\n\n\t\t<div class=\"box-image\" style=\"width:83%;\">\n\t\t\t\t\t\t<div class=\"\" >\n\t\t\t\t<img loading=\"lazy\" decoding=\"async\" width=\"2561\" height=\"1921\" src=\"https:\/\/nongan.site\/wp-content\/uploads\/2026\/02\/z7450212998265_38499d3f78ba994293d3368deeeef735.jpg\" class=\"attachment- size-\" alt=\"\" srcset=\"https:\/\/nongan.site\/wp-content\/uploads\/2026\/02\/z7450212998265_38499d3f78ba994293d3368deeeef735.jpg 2561w, https:\/\/nongan.site\/wp-content\/uploads\/2026\/02\/z7450212998265_38499d3f78ba994293d3368deeeef735-300x225.jpg 300w, https:\/\/nongan.site\/wp-content\/uploads\/2026\/02\/z7450212998265_38499d3f78ba994293d3368deeeef735-1024x768.jpg 1024w, https:\/\/nongan.site\/wp-content\/uploads\/2026\/02\/z7450212998265_38499d3f78ba994293d3368deeeef735-768x576.jpg 768w, https:\/\/nongan.site\/wp-content\/uploads\/2026\/02\/z7450212998265_38499d3f78ba994293d3368deeeef735-1536x1152.jpg 1536w, https:\/\/nongan.site\/wp-content\/uploads\/2026\/02\/z7450212998265_38499d3f78ba994293d3368deeeef735-2048x1536.jpg 2048w, https:\/\/nongan.site\/wp-content\/uploads\/2026\/02\/z7450212998265_38499d3f78ba994293d3368deeeef735-600x450.jpg 600w\" sizes=\"auto, (max-width: 2561px) 100vw, 2561px\" \/>\t\t\t\t\t\t\t\t\t\t\t<\/div>\n\t\t\t\t\t<\/div>\n\n\t\t<div class=\"box-text text-center\" >\n\t\t\t<div class=\"box-text-inner\">\n\t\t\t\t\n\t<div id=\"text-3243157658\" class=\"text\">\n\t\t\n<h4>Th\u00e0nh vi\u00ean n\u00f2ng c\u1ed1t nh\u00f3m v\u00e0 GVGD. Tr\u1ea7n V\u00f5 Th\u1ea3o H\u01b0\u01a1ng<\/h4>\n\t\t\n<style>\n#text-3243157658 {\n  color: rgb(0,0,0);\n}\n#text-3243157658 > * {\n  color: rgb(0,0,0);\n}\n<\/style>\n\t<\/div>\n\t\n\t\t\t<\/div>\n\t\t<\/div>\n\t<\/div>\n\t\n\t\t<\/div>\n\t\t\t\t\t<\/div>\n\n\t\n<\/div>\n\t\t<\/div>\n\n\t\t\n<style>\n#section_1486179239 {\n  padding-top: 60px;\n  padding-bottom: 60px;\n  background-color: rgb(193, 193, 193);\n}\n#section_1486179239 .section-bg-overlay {\n  background-color: rgba(255, 255, 255, 0.85);\n}\n<\/style>\n\t<\/section>\n\t\n\n\t<section class=\"section\" id=\"section_1647880017\">\n\t\t<div class=\"section-bg fill\" >\n\t\t\t\t\t\t\t\t\t<div class=\"section-bg-overlay absolute fill\"><\/div>\n\t\t\t\n\n\t\t<\/div>\n\n\t\t\n\n\t\t<div class=\"section-content relative\">\n\t\t\t\n\t<div id=\"text-4041735299\" class=\"text\">\n\t\t\n<h2 class=\"uppercase\">T\u1ea7m Nh\u00ecn:<\/h2>\n\t\t\n<style>\n#text-4041735299 {\n  color: #627D47;\n}\n#text-4041735299 > * {\n  color: #627D47;\n}\n<\/style>\n\t<\/div>\n\t\n<div class=\"row row-collapse row-full-width align-middle\"  id=\"row-1852552451\">\n\n\t<div id=\"col-1337594552\" class=\"col medium-5 small-12 large-5\"  >\n\t\t\t\t<div class=\"col-inner\"  >\n\t\t\t\n\t\t\t\n\t<div class=\"box has-hover   has-hover box-text-bottom\" >\n\n\t\t<div class=\"box-image\" style=\"width:60%;\">\n\t\t\t\t\t\t<div class=\"\" >\n\t\t\t\t<img loading=\"lazy\" decoding=\"async\" width=\"1882\" height=\"1767\" src=\"https:\/\/nongan.site\/wp-content\/uploads\/2026\/02\/z7447491544803_075b460b117c26a063c073c85fa511fd-e1771696595249.jpg\" class=\"attachment- size-\" alt=\"\" srcset=\"https:\/\/nongan.site\/wp-content\/uploads\/2026\/02\/z7447491544803_075b460b117c26a063c073c85fa511fd-e1771696595249.jpg 1882w, https:\/\/nongan.site\/wp-content\/uploads\/2026\/02\/z7447491544803_075b460b117c26a063c073c85fa511fd-e1771696595249-300x282.jpg 300w, https:\/\/nongan.site\/wp-content\/uploads\/2026\/02\/z7447491544803_075b460b117c26a063c073c85fa511fd-e1771696595249-1024x961.jpg 1024w, https:\/\/nongan.site\/wp-content\/uploads\/2026\/02\/z7447491544803_075b460b117c26a063c073c85fa511fd-e1771696595249-768x721.jpg 768w, https:\/\/nongan.site\/wp-content\/uploads\/2026\/02\/z7447491544803_075b460b117c26a063c073c85fa511fd-e1771696595249-1536x1442.jpg 1536w, https:\/\/nongan.site\/wp-content\/uploads\/2026\/02\/z7447491544803_075b460b117c26a063c073c85fa511fd-e1771696595249-600x563.jpg 600w\" sizes=\"auto, (max-width: 1882px) 100vw, 1882px\" \/>\t\t\t\t\t\t\t\t\t\t\t<\/div>\n\t\t\t\t\t<\/div>\n\n\t\t<div class=\"box-text text-center\" >\n\t\t\t<div class=\"box-text-inner\">\n\t\t\t\t\n<h4 style=\"text-align: left;\">N\u00f4ng An k\u1ebft n\u1ed1i v\u1edbi Ch\u00fa M\u01b0\u1eddi c\u1ee7a C\u00f4ng ty c\u1ea3nh quan Ph\u01b0\u01a1ng Trung Garden<\/h4>\n<p style=\"text-align: left;\">Ra \u0111\u1eddi t\u1eeb 2006, ti\u1ec1n th\u00e2n l\u00e0 \u201cC\u01a1 s\u1edf kinh doanh B\u1ed3n C\u1ea3nh Thi\u00ean Nhi\u00ean\u201d, t\u00ednh \u0111\u1ebfn th\u1eddi \u0111i\u1ec3m n\u00e0y\u00a0<a href=\"https:\/\/www.phuongtrunggreen.com\/\"><strong>Ph\u01b0\u01a1ng Trung Green<\/strong><\/a> \u0111\u00e3 c\u00f3 g\u1ea7n 13 n\u0103m kinh nghi\u1ec7m ho\u1ea1t \u0111\u1ed9ng l\u0129nh v\u1ef1c c\u1ea3nh quan c\u00e2y xanh v\u00ec v\u1eady s\u1ef1 h\u1ed7 tr\u1ee3 c\u1ee7a ch\u00fa l\u00e0 vi\u00ean g\u1ea1ch kh\u00f4ng th\u1ec3 thi\u1ebfu trong qu\u00e1 tr\u00ecnh ph\u00e1 tri\u1ec3n.<\/p>\n\t\t\t<\/div>\n\t\t<\/div>\n\t<\/div>\n\t\n\t\t<\/div>\n\t\t\t\t\t<\/div>\n\n\t\n\n\t<div id=\"col-837828809\" class=\"col medium-6 small-12 large-6\"  >\n\t\t\t\t<div class=\"col-inner\"  >\n\t\t\t\n\t\t\t\n\t<div id=\"text-2345154678\" class=\"text\">\n\t\t\n<p data-start=\"149\" data-end=\"500\">Tr\u1edf th\u00e0nh h\u1ec7 sinh th\u00e1i n\u00f4ng nghi\u1ec7p s\u1ed1 chuy\u00ean bi\u1ec7t h\u00e0ng \u0111\u1ea7u t\u1ea1i Vi\u1ec7t Nam, \u0111\u00f3ng vai tr\u00f2 c\u1ea7u n\u1ed1i b\u1ec1n v\u1eefng gi\u1eefa n\u00f4ng d\u00e2n, h\u1ee3p t\u00e1c x\u00e3 v\u00e0 nh\u00e0 cung c\u1ea5p. N\u00f4ng An h\u01b0\u1edbng \u0111\u1ebfn x\u00e2y d\u1ef1ng m\u1ed9t m\u00f4i tr\u01b0\u1eddng giao d\u1ecbch minh b\u1ea1ch, hi\u1ec7n \u0111\u1ea1i v\u00e0 hi\u1ec7u qu\u1ea3, n\u01a1i ng\u01b0\u1eddi n\u00f4ng d\u00e2n c\u00f3 th\u1ec3 ti\u1ebfp c\u1eadn \u0111\u1ea7y \u0111\u1ee7 ngu\u1ed3n l\u1ef1c s\u1ea3n xu\u1ea5t v\u00e0 ch\u1ee7 \u0111\u1ed9ng tham gia s\u00e2u h\u01a1n v\u00e0o chu\u1ed7i gi\u00e1 tr\u1ecb n\u00f4ng nghi\u1ec7p.<\/p>\n\t\t\n<style>\n#text-2345154678 {\n  color: rgb(0,0,0);\n}\n#text-2345154678 > * {\n  color: rgb(0,0,0);\n}\n<\/style>\n\t<\/div>\n\t\n<a href=\"https:\/\/phuongtrunggreen.com\/\" class=\"button primary\" style=\"border-radius:99px;\">\n\t\t<span>Truy c\u1eadp trang web \u0111\u1ed1i t\u00e1c<\/span>\n\t<\/a>\n\n\t\t<\/div>\n\t\t\t\t\t<\/div>\n\n\t\n<\/div>\n\t\t<\/div>\n\n\t\t\n<style>\n#section_1647880017 {\n  padding-top: 0px;\n  padding-bottom: 0px;\n  background-color: rgb(247, 247, 247);\n}\n#section_1647880017 .section-bg-overlay {\n  background-color: rgba(255, 255, 255, 0.85);\n}\n<\/style>\n\t<\/section>\n\t\n\n\t<section class=\"section\" id=\"section_978625837\">\n\t\t<div class=\"section-bg fill\" >\n\t\t\t\t\t\t\t\t\t<div class=\"section-bg-overlay absolute fill\"><\/div>\n\t\t\t\n\n\t\t<\/div>\n\n\t\t\n\n\t\t<div class=\"section-content relative\">\n\t\t\t\n\t<div id=\"text-3746463304\" class=\"text\">\n\t\t\n<h2 class=\"uppercase\">S\u1ee9 m\u1ec7nh:<\/h2>\n\t\t\n<style>\n#text-3746463304 {\n  color: #627D47;\n}\n#text-3746463304 > * {\n  color: #627D47;\n}\n<\/style>\n\t<\/div>\n\t\n<div class=\"row row-large align-middle\"  id=\"row-690626999\">\n\n\t<div id=\"col-842675505\" class=\"col medium-5 small-12 large-5\"  >\n\t\t\t\t<div class=\"col-inner text-left\"  >\n\t\t\t\n\t\t\t\n\t<div id=\"text-1252907539\" class=\"text\">\n\t\t\n<p data-start=\"149\" data-end=\"500\">N\u00f4ng An ra \u0111\u1eddi v\u1edbi s\u1ee9 m\u1ec7nh k\u1ebft n\u1ed1i v\u00e0 t\u1ed1i \u01b0u h\u00f3a h\u1ec7 sinh th\u00e1i n\u00f4ng nghi\u1ec7p th\u00f4ng qua n\u1ec1n t\u1ea3ng s\u1ed1 an to\u00e0n, chuy\u00ean bi\u1ec7t v\u00e0 d\u1ec5 ti\u1ebfp c\u1eadn. D\u1ef1 \u00e1n cung c\u1ea5p gi\u1ea3i ph\u00e1p t\u00edch h\u1ee3p v\u1eadt t\u01b0 \u2013 d\u1ecbch v\u1ee5 k\u1ef9 thu\u1eadt \u2013 th\u00f4ng tin th\u1ecb tr\u01b0\u1eddng \u2013 h\u1ed7 tr\u1ee3 ti\u00eau th\u1ee5 \u0111\u1ea7u ra, gi\u00fap n\u00f4ng d\u00e2n gi\u1ea3m chi ph\u00ed, h\u1ea1n ch\u1ebf r\u1ee7i ro, n\u00e2ng cao n\u0103ng su\u1ea5t v\u00e0 thu nh\u1eadp. \u0110\u1ed3ng th\u1eddi, N\u00f4ng An g\u00f3p ph\u1ea7n th\u00fac \u0111\u1ea9y chuy\u1ec3n \u0111\u1ed5i s\u1ed1 n\u00f4ng th\u00f4n v\u00e0 ph\u00e1t tri\u1ec3n n\u00f4ng nghi\u1ec7p theo h\u01b0\u1edbng b\u1ec1n v\u1eefng, minh b\u1ea1ch v\u00e0 tr\u00e1ch nhi\u1ec7m.<\/p>\n\t\t\n<style>\n#text-1252907539 {\n  color: rgb(0,0,0);\n}\n#text-1252907539 > * {\n  color: rgb(0,0,0);\n}\n<\/style>\n\t<\/div>\n\t\n\t\t<\/div>\n\t\t\t\t\t<\/div>\n\n\t\n\n\t<div id=\"col-1466388228\" class=\"col medium-7 small-12 large-7\"  >\n\t\t\t\t<div class=\"col-inner\"  >\n\t\t\t\n\t\t\t\n\t<div class=\"box has-hover   has-hover box-text-bottom\" >\n\n\t\t<div class=\"box-image\" style=\"width:83%;\">\n\t\t\t\t\t\t<div class=\"\" >\n\t\t\t\t<img loading=\"lazy\" decoding=\"async\" width=\"1920\" height=\"1490\" src=\"https:\/\/nongan.site\/wp-content\/uploads\/2026\/02\/z7447496272486_6e6b0bad784f6bde0a00426432b5b49d-e1771697018720.jpg\" class=\"attachment- size-\" alt=\"\" srcset=\"https:\/\/nongan.site\/wp-content\/uploads\/2026\/02\/z7447496272486_6e6b0bad784f6bde0a00426432b5b49d-e1771697018720.jpg 1920w, https:\/\/nongan.site\/wp-content\/uploads\/2026\/02\/z7447496272486_6e6b0bad784f6bde0a00426432b5b49d-e1771697018720-300x233.jpg 300w, https:\/\/nongan.site\/wp-content\/uploads\/2026\/02\/z7447496272486_6e6b0bad784f6bde0a00426432b5b49d-e1771697018720-1024x795.jpg 1024w, https:\/\/nongan.site\/wp-content\/uploads\/2026\/02\/z7447496272486_6e6b0bad784f6bde0a00426432b5b49d-e1771697018720-768x596.jpg 768w, https:\/\/nongan.site\/wp-content\/uploads\/2026\/02\/z7447496272486_6e6b0bad784f6bde0a00426432b5b49d-e1771697018720-1536x1192.jpg 1536w, https:\/\/nongan.site\/wp-content\/uploads\/2026\/02\/z7447496272486_6e6b0bad784f6bde0a00426432b5b49d-e1771697018720-600x466.jpg 600w\" sizes=\"auto, (max-width: 1920px) 100vw, 1920px\" \/>\t\t\t\t\t\t\t\t\t\t\t<\/div>\n\t\t\t\t\t<\/div>\n\n\t\t<div class=\"box-text text-center\" >\n\t\t\t<div class=\"box-text-inner\">\n\t\t\t\t\n\t<div id=\"text-3520644480\" class=\"text\">\n\t\t\n<h4>N\u00f4ng an v\u00e0 nh\u00e0 b\u00e1n l\u1ebb truy\u1ec1n th\u1ed1ng &#8211; C\u1eeda h\u00e0ng T\u01b0 Nguy\u00ean<\/h4>\n\t\t\n<style>\n#text-3520644480 {\n  color: rgb(0,0,0);\n}\n#text-3520644480 > * {\n  color: rgb(0,0,0);\n}\n<\/style>\n\t<\/div>\n\t\n<p style=\"text-align: center;\">Nh\u00f3m k\u1ebft n\u1ed1i t\u1edbi c\u00e1c c\u1ee7a h\u00e0ng v\u1eadt t\u01b0 truy\u1ec1n th\u1ed1ng gi\u00fap h\u1ecd chuy\u1ec3n \u0111\u1ed5i h\u00e0ng h\u00f3a Online, \u0111\u00e1p \u1ee9ng xu th\u1ebf 4.0 hi\u1ec7n nay<\/p>\n\t\t\t<\/div>\n\t\t<\/div>\n\t<\/div>\n\t\n\t\t<\/div>\n\t\t\t\t\t<\/div>\n\n\t\n<\/div>\n\t\t<\/div>\n\n\t\t\n<style>\n#section_978625837 {\n  padding-top: 60px;\n  padding-bottom: 60px;\n  background-color: rgb(193, 193, 193);\n}\n#section_978625837 .section-bg-overlay {\n  background-color: rgba(255, 255, 255, 0.85);\n}\n<\/style>\n\t<\/section>\n\t\n\n\t<section class=\"section\" id=\"section_2143679943\">\n\t\t<div class=\"section-bg fill\" >\n\t\t\t\t\t\t\t\t\t\n\t\t\t\n\n\t\t<\/div>\n\n\t\t\n\n\t\t<div class=\"section-content relative\">\n\t\t\t\n\t<div id=\"text-1579433784\" class=\"text\">\n\t\t\n<h2 class=\"uppercase\">Gi\u00e1 tr\u1ecb C\u1ed1t l\u00f5i:<\/h2>\n\t\t\n<style>\n#text-1579433784 {\n  color: #627D47;\n}\n#text-1579433784 > * {\n  color: #627D47;\n}\n<\/style>\n\t<\/div>\n\t\n\t<div id=\"text-245053935\" class=\"text\">\n\t\t\n<ul>\n<li data-start=\"1008\" data-end=\"1104\">\n<p data-start=\"1010\" data-end=\"1104\"><strong data-start=\"1010\" data-end=\"1021\">An t\u00e2m:<\/strong> Cam k\u1ebft minh b\u1ea1ch ngu\u1ed3n g\u1ed1c, ki\u1ec3m duy\u1ec7t ch\u1ea5t l\u01b0\u1ee3ng v\u00e0 \u0111\u1ea3m b\u1ea3o giao d\u1ecbch an to\u00e0n.<\/p>\n<\/li>\n<li data-start=\"1105\" data-end=\"1225\">\n<p data-start=\"1107\" data-end=\"1225\"><strong data-start=\"1107\" data-end=\"1123\">Chuy\u00ean bi\u1ec7t:<\/strong> T\u1eadp trung s\u00e2u v\u00e0o l\u0129nh v\u1ef1c n\u00f4ng nghi\u1ec7p, th\u1ea5u hi\u1ec3u \u0111\u1eb7c th\u00f9 s\u1ea3n xu\u1ea5t v\u00e0 nhu c\u1ea7u th\u1ef1c t\u1ebf c\u1ee7a n\u00f4ng d\u00e2n.<\/p>\n<\/li>\n<li data-start=\"1226\" data-end=\"1334\">\n<p data-start=\"1228\" data-end=\"1334\"><strong data-start=\"1228\" data-end=\"1240\">K\u1ebft n\u1ed1i:<\/strong> X\u00e2y d\u1ef1ng m\u1ea1ng l\u01b0\u1edbi li\u00ean k\u1ebft ch\u1eb7t ch\u1ebd gi\u1eefa n\u00f4ng d\u00e2n \u2013 HTX \u2013 nh\u00e0 cung c\u1ea5p \u2013 \u0111\u01a1n v\u1ecb logistics.<\/p>\n<\/li>\n<li data-start=\"1335\" data-end=\"1450\">\n<p data-start=\"1337\" data-end=\"1450\"><strong data-start=\"1337\" data-end=\"1350\">B\u1ec1n v\u1eefng:<\/strong> H\u01b0\u1edbng \u0111\u1ebfn l\u1ee3i \u00edch l\u00e2u d\u00e0i cho c\u1ed9ng \u0111\u1ed3ng n\u00f4ng th\u00f4n v\u00e0 s\u1ef1 ph\u00e1t tri\u1ec3n \u1ed5n \u0111\u1ecbnh c\u1ee7a ng\u00e0nh n\u00f4ng nghi\u1ec7p.<\/p>\n<\/li>\n<li data-start=\"1451\" data-end=\"1574\">\n<p data-start=\"1453\" data-end=\"1574\"><strong data-start=\"1453\" data-end=\"1476\">\u0110\u1ed5i m\u1edbi &amp; Hi\u1ec7u qu\u1ea3:<\/strong> \u1ee8ng d\u1ee5ng c\u00f4ng ngh\u1ec7 s\u1ed1 \u0111\u1ec3 t\u1ed1i \u01b0u quy tr\u00ecnh, gi\u1ea3m chi ph\u00ed v\u00e0 n\u00e2ng cao gi\u00e1 tr\u1ecb cho c\u00e1c b\u00ean tham gia.<\/p>\n<\/li>\n<\/ul>\n\t\t\n<style>\n#text-245053935 {\n  color: rgb(0,0,0);\n}\n#text-245053935 > * {\n  color: rgb(0,0,0);\n}\n<\/style>\n\t<\/div>\n\t\n\t\t<\/div>\n\n\t\t\n<style>\n#section_2143679943 {\n  padding-top: 30px;\n  padding-bottom: 30px;\n}\n<\/style>\n\t<\/section>\n\t\n","protected":false},"excerpt":{"rendered":"","protected":false},"author":1,"featured_media":0,"parent":0,"menu_order":0,"comment_status":"closed","ping_status":"closed","template":"","meta":{"footnotes":""},"class_list":["post-71","page","type-page","status-publish","hentry"],"_links":{"self":[{"href":"https:\/\/nongan.site\/index.php\/wp-json\/wp\/v2\/pages\/71","targetHints":{"allow":["GET"]}}],"collection":[{"href":"https:\/\/nongan.site\/index.php\/wp-json\/wp\/v2\/pages"}],"about":[{"href":"https:\/\/nongan.site\/index.php\/wp-json\/wp\/v2\/types\/page"}],"author":[{"embeddable":true,"href":"https:\/\/nongan.site\/index.php\/wp-json\/wp\/v2\/users\/1"}],"replies":[{"embeddable":true,"href":"https:\/\/nongan.site\/index.php\/wp-json\/wp\/v2\/comments?post=71"}],"version-history":[{"count":11,"href":"https:\/\/nongan.site\/index.php\/wp-json\/wp\/v2\/pages\/71\/revisions"}],"predecessor-version":[{"id":287,"href":"https:\/\/nongan.site\/index.php\/wp-json\/wp\/v2\/pages\/71\/revisions\/287"}],"wp:attachment":[{"href":"https:\/\/nongan.site\/index.php\/wp-json\/wp\/v2\/media?parent=71"}],"curies":[{"name":"wp","href":"https:\/\/api.w.org\/{rel}","templated":true}]}}